{"version":"1.0","provider_name":"Permakultur-Landwirtschaft","provider_url":"https:\/\/permakultur-landwirtschaft.org\/fr","author_name":"adrian reutimann","author_url":"https:\/\/permakultur-landwirtschaft.org\/fr\/author\/reutiadr\/","title":"Permakulturreise nach \u00d6sterreich 03. - 05. August 2023 - Permakultur-Landwirtschaft","type":"rich","width":600,"height":338,"html":"<blockquote class=\"wp-embedded-content\" data-secret=\"DEJCGZKqYw\"><a href=\"https:\/\/permakultur-landwirtschaft.org\/fr\/permakulturreise-nach-oesterreich-03-05-august-2023\/\">Permakulturreise nach \u00d6sterreich 03. &#8211; 05. August 2023<\/a><\/blockquote><iframe sandbox=\"allow-scripts\" security=\"restricted\" src=\"https:\/\/permakultur-landwirtschaft.org\/fr\/permakulturreise-nach-oesterreich-03-05-august-2023\/embed\/#?secret=DEJCGZKqYw\" width=\"600\" height=\"338\" title=\"\u00ab\u00a0Permakulturreise nach \u00d6sterreich 03. &#8211; 05. August 2023\u00a0\u00bb &#8212; Permakultur-Landwirtschaft\" data-secret=\"DEJCGZKqYw\" frameborder=\"0\" marginwidth=\"0\" marginheight=\"0\" scrolling=\"no\" class=\"wp-embedded-content\"><\/iframe><script>\n\/*! This file is auto-generated *\/\n!function(d,l){\"use strict\";l.querySelector&&d.addEventListener&&\"undefined\"!=typeof URL&&(d.wp=d.wp||{},d.wp.receiveEmbedMessage||(d.wp.receiveEmbedMessage=function(e){var t=e.data;if((t||t.secret||t.message||t.value)&&!\/[^a-zA-Z0-9]\/.test(t.secret)){for(var s,r,n,a=l.querySelectorAll('iframe[data-secret=\"'+t.secret+'\"]'),o=l.querySelectorAll('blockquote[data-secret=\"'+t.secret+'\"]'),c=new RegExp(\"^https?:$\",\"i\"),i=0;i<o.length;i++)o[i].style.display=\"none\";for(i=0;i<a.length;i++)s=a[i],e.source===s.contentWindow&&(s.removeAttribute(\"style\"),\"height\"===t.message?(1e3<(r=parseInt(t.value,10))?r=1e3:~~r<200&&(r=200),s.height=r):\"link\"===t.message&&(r=new URL(s.getAttribute(\"src\")),n=new URL(t.value),c.test(n.protocol))&&n.host===r.host&&l.activeElement===s&&(d.top.location.href=t.value))}},d.addEventListener(\"message\",d.wp.receiveEmbedMessage,!1),l.addEventListener(\"DOMContentLoaded\",function(){for(var e,t,s=l.querySelectorAll(\"iframe.wp-embedded-content\"),r=0;r<s.length;r++)(t=(e=s[r]).getAttribute(\"data-secret\"))||(t=Math.random().toString(36).substring(2,12),e.src+=\"#?secret=\"+t,e.setAttribute(\"data-secret\",t)),e.contentWindow.postMessage({message:\"ready\",secret:t},\"*\")},!1)))}(window,document);\n\/\/# sourceURL=https:\/\/permakultur-landwirtschaft.org\/wp-includes\/js\/wp-embed.min.js\n<\/script>","thumbnail_url":"https:\/\/permakultur-landwirtschaft.org\/wp-content\/uploads\/2023\/06\/krameterhof_holzer_2023-06-20_11-43-01.jpg","thumbnail_width":700,"thumbnail_height":408,"description":"Text vom biohof-frohberg.ch: Besichtigung mit F\u00fchrung auf dem Krameterhof mit Josef Holzer jun. und Besuch vom G\u00e4rtnerhof Langerhorst in Ober\u00f6sterreich. Nach einer Pause organisieren wir f\u00fcr 2023 sehr gerne wieder die legend\u00e4re Permakulturreise nach \u00d6sterreich . Am Donnerstag reisen wir ins Salzburgerland nach Radstadt. Dort \u00fcbernachten wir zweimal in einem angenehmen Hotel. Am Freitag steht [&hellip;]"}

Permakulturreise nach Österreich 03. - 05. August 2023 - Permakultur-Landwirtschaft

<blockquote class="wp-embedded-content" data-secret="DEJCGZKqYw"><a href="https://permakultur-landwirtschaft.org/fr/permakulturreise-nach-oesterreich-03-05-august-2023/">Permakulturreise nach Österreich 03. &#8211; 05. August 2023</a></blockquote><iframe sandbox="allow-scripts" security="restricted" src="https://permakultur-landwirtschaft.org/fr/permakulturreise-nach-oesterreich-03-05-august-2023/embed/#?secret=DEJCGZKqYw" width="600" height="338" title="« Permakulturreise nach Österreich 03. &#8211; 05. August 2023 » &#8212; Permakultur-Landwirtschaft" data-secret="DEJCGZKqYw" frameborder="0" marginwidth="0" marginheight="0" scrolling="no" class="wp-embedded-content"></iframe><script>
/*! This file is auto-generated */
!function(d,l){"use strict";l.querySelector&&d.addEventListener&&"undefined"!=typeof URL&&(d.wp=d.wp||{},d.wp.receiveEmbedMessage||(d.wp.receiveEmbedMessage=function(e){var t=e.data;if((t||t.secret||t.message||t.value)&&!/[^a-zA-Z0-9]/.test(t.secret)){for(var s,r,n,a=l.querySelectorAll('iframe[data-secret="'+t.secret+'"]'),o=l.querySelectorAll('blockquote[data-secret="'+t.secret+'"]'),c=new RegExp("^https?:$","i"),i=0;i<o.length;i++)o[i].style.display="none";for(i=0;i<a.length;i++)s=a[i],e.source===s.contentWindow&&(s.removeAttribute("style"),"height"===t.message?(1e3<(r=parseInt(t.value,10))?r=1e3:~~r<200&&(r=200),s.height=r):"link"===t.message&&(r=new URL(s.getAttribute("src")),n=new URL(t.value),c.test(n.protocol))&&n.host===r.host&&l.activeElement===s&&(d.top.location.href=t.value))}},d.addEventListener("message",d.wp.receiveEmbedMessage,!1),l.addEventListener("DOMContentLoaded",function(){for(var e,t,s=l.querySelectorAll("iframe.wp-embedded-content"),r=0;r<s.length;r++)(t=(e=s[r]).getAttribute("data-secret"))||(t=Math.random().toString(36).substring(2,12),e.src+="#?secret="+t,e.setAttribute("data-secret",t)),e.contentWindow.postMessage({message:"ready",secret:t},"*")},!1)))}(window,document);
//# sourceURL=https://permakultur-landwirtschaft.org/wp-includes/js/wp-embed.min.js
</script>

Text vom biohof-frohberg.ch: Besichtigung mit Führung auf dem Krameterhof mit Josef Holzer jun. und Besuch vom Gärtnerhof Langerhorst in Oberösterreich. Nach einer Pause organisieren wir für 2023 sehr gerne wieder die legendäre Permakulturreise nach Österreich . Am Donnerstag reisen wir ins Salzburgerland nach Radstadt. Dort übernachten wir zweimal in einem angenehmen Hotel. Am Freitag steht [&hellip;]
