{"version":"1.0","provider_name":"Permakultur-Landwirtschaft","provider_url":"https:\/\/permakultur-landwirtschaft.org\/fr","author_name":"adrian reutimann","author_url":"https:\/\/permakultur-landwirtschaft.org\/fr\/author\/reutiadr\/","title":"Ackern f\u00fcr die Zukunft ZDF plan b vom 18. August 2018 - Permakultur-Landwirtschaft","type":"rich","width":600,"height":338,"html":"<blockquote class=\"wp-embedded-content\" data-secret=\"xhPTg51een\"><a href=\"https:\/\/permakultur-landwirtschaft.org\/fr\/ackern-fuer-die-zukunft-zdf-plan-b\/\">Ackern f\u00fcr die Zukunft ZDF plan b vom 18. August 2018<\/a><\/blockquote><iframe sandbox=\"allow-scripts\" security=\"restricted\" src=\"https:\/\/permakultur-landwirtschaft.org\/fr\/ackern-fuer-die-zukunft-zdf-plan-b\/embed\/#?secret=xhPTg51een\" width=\"600\" height=\"338\" title=\"\u00ab\u00a0Ackern f\u00fcr die Zukunft ZDF plan b vom 18. August 2018\u00a0\u00bb &#8212; Permakultur-Landwirtschaft\" data-secret=\"xhPTg51een\" frameborder=\"0\" marginwidth=\"0\" marginheight=\"0\" scrolling=\"no\" class=\"wp-embedded-content\"><\/iframe><script>\n\/*! This file is auto-generated *\/\n!function(d,l){\"use strict\";l.querySelector&&d.addEventListener&&\"undefined\"!=typeof URL&&(d.wp=d.wp||{},d.wp.receiveEmbedMessage||(d.wp.receiveEmbedMessage=function(e){var t=e.data;if((t||t.secret||t.message||t.value)&&!\/[^a-zA-Z0-9]\/.test(t.secret)){for(var s,r,n,a=l.querySelectorAll('iframe[data-secret=\"'+t.secret+'\"]'),o=l.querySelectorAll('blockquote[data-secret=\"'+t.secret+'\"]'),c=new RegExp(\"^https?:$\",\"i\"),i=0;i<o.length;i++)o[i].style.display=\"none\";for(i=0;i<a.length;i++)s=a[i],e.source===s.contentWindow&&(s.removeAttribute(\"style\"),\"height\"===t.message?(1e3<(r=parseInt(t.value,10))?r=1e3:~~r<200&&(r=200),s.height=r):\"link\"===t.message&&(r=new URL(s.getAttribute(\"src\")),n=new URL(t.value),c.test(n.protocol))&&n.host===r.host&&l.activeElement===s&&(d.top.location.href=t.value))}},d.addEventListener(\"message\",d.wp.receiveEmbedMessage,!1),l.addEventListener(\"DOMContentLoaded\",function(){for(var e,t,s=l.querySelectorAll(\"iframe.wp-embedded-content\"),r=0;r<s.length;r++)(t=(e=s[r]).getAttribute(\"data-secret\"))||(t=Math.random().toString(36).substring(2,12),e.src+=\"#?secret=\"+t,e.setAttribute(\"data-secret\",t)),e.contentWindow.postMessage({message:\"ready\",secret:t},\"*\")},!1)))}(window,document);\n\/\/# sourceURL=https:\/\/permakultur-landwirtschaft.org\/wp-includes\/js\/wp-embed.min.js\n<\/script>","thumbnail_url":"https:\/\/permakultur-landwirtschaft.org\/wp-content\/uploads\/2019\/03\/Screenshot_2019-03-18-Ackern-f\u00fcr-die-Zukunft.jpg","thumbnail_width":718,"thumbnail_height":587,"description":"Beitrag vom 18.08.2018, Dauer 28 min Text zum Beitrag: Die Weltbev\u00f6lkerung w\u00e4chst. Schon heute sind die B\u00f6den oft ausgelaugt und bringen weniger Ertrag. D\u00fcnger und Pestizide haben die Ernten bisher stabilisiert. Wie lange geht das noch gut? Link zum Beitrag"}

Ackern für die Zukunft ZDF plan b vom 18. August 2018 - Permakultur-Landwirtschaft

<blockquote class="wp-embedded-content" data-secret="xhPTg51een"><a href="https://permakultur-landwirtschaft.org/fr/ackern-fuer-die-zukunft-zdf-plan-b/">Ackern für die Zukunft ZDF plan b vom 18. August 2018</a></blockquote><iframe sandbox="allow-scripts" security="restricted" src="https://permakultur-landwirtschaft.org/fr/ackern-fuer-die-zukunft-zdf-plan-b/embed/#?secret=xhPTg51een" width="600" height="338" title="« Ackern für die Zukunft ZDF plan b vom 18. August 2018 » &#8212; Permakultur-Landwirtschaft" data-secret="xhPTg51een" frameborder="0" marginwidth="0" marginheight="0" scrolling="no" class="wp-embedded-content"></iframe><script>
/*! This file is auto-generated */
!function(d,l){"use strict";l.querySelector&&d.addEventListener&&"undefined"!=typeof URL&&(d.wp=d.wp||{},d.wp.receiveEmbedMessage||(d.wp.receiveEmbedMessage=function(e){var t=e.data;if((t||t.secret||t.message||t.value)&&!/[^a-zA-Z0-9]/.test(t.secret)){for(var s,r,n,a=l.querySelectorAll('iframe[data-secret="'+t.secret+'"]'),o=l.querySelectorAll('blockquote[data-secret="'+t.secret+'"]'),c=new RegExp("^https?:$","i"),i=0;i<o.length;i++)o[i].style.display="none";for(i=0;i<a.length;i++)s=a[i],e.source===s.contentWindow&&(s.removeAttribute("style"),"height"===t.message?(1e3<(r=parseInt(t.value,10))?r=1e3:~~r<200&&(r=200),s.height=r):"link"===t.message&&(r=new URL(s.getAttribute("src")),n=new URL(t.value),c.test(n.protocol))&&n.host===r.host&&l.activeElement===s&&(d.top.location.href=t.value))}},d.addEventListener("message",d.wp.receiveEmbedMessage,!1),l.addEventListener("DOMContentLoaded",function(){for(var e,t,s=l.querySelectorAll("iframe.wp-embedded-content"),r=0;r<s.length;r++)(t=(e=s[r]).getAttribute("data-secret"))||(t=Math.random().toString(36).substring(2,12),e.src+="#?secret="+t,e.setAttribute("data-secret",t)),e.contentWindow.postMessage({message:"ready",secret:t},"*")},!1)))}(window,document);
//# sourceURL=https://permakultur-landwirtschaft.org/wp-includes/js/wp-embed.min.js
</script>

https://permakultur-landwirtschaft.org/wp-content/uploads/2019/03/Screenshot_2019-03-18-Ackern-für-die-Zukunft.jpg

Beitrag vom 18.08.2018, Dauer 28 min Text zum Beitrag: Die Weltbevölkerung wächst. Schon heute sind die Böden oft ausgelaugt und bringen weniger Ertrag. Dünger und Pestizide haben die Ernten bisher stabilisiert. Wie lange geht das noch gut? Link zum Beitrag
